572*m + 152. Determine r(-43).
281
Let k(y) = 944*y - 168973. What is k(179)?
3
Let j(g) = 1595*g - 376413. Give j(236).
7
Let s(q) = q**3 - 49*q**2 + 94*q + 1450. Give s(46).
-574
Let c(i) = i**3 + 10*i**2 + 30707*i + 245521. Calculate c(-8).
-7
Let o(g) = -1285*g**2 - 982*g - 974. Give o(-1).
-1277
Let v(m) = 11747*m + 82234. Calculate v(-7).
5
Let t(w) = 3873*w - 235749. Calculate t(61).
504
Let j(b) = 6407*b + 486916. Determine j(-76).
-16
Let t(a) = 17499*a - 525243. Determine t(30).
-273
Let d(m) = -57798*m - 809202. Give d(-14).
-30
Let y(b) = 4*b**2 - 45322*b - 7. Determine y(0).
-7
Let i(v) = -482*v - 43938. Calculate i(-91).
-76
Let u(x) = -x**2 + 6226*x - 55956. Give u(9).
-3
Let p(x) = -x**2 - 93*x - 736. Give p(0).
-736
Let r(n) = 906*n - 3237. What is r(4)?
387
Let j(k) = 2656*k**2 - 212458*k - 1772. Determine j(80).
-12
Let m(c) = 128*c**3 - 519*c**2 + 30*c + 6. Calculate m(4).
14
Let w(b) = -2*b**3 - 119*b**2 - 173*b + 34. Determine w(-58).
-24
Let l(q) = 7*q**3 - 104*q**2 + 301*q - 719. Give l(12).
13
Let z(i) = -216*i - 1501. Determine z(8).
-3229
Let n(z) = -184345*z - 4608622. What is n(-25)?
3
Let l(t) = 25*t**2 - 29768*t - 8329. Calculate l(1191).
8
Let a(g) = 1538*g + 40014. Determine a(-26).
26
Let g(p) = 4*p**3 - 64*p**2 + 117*p - 18. What is g(0)?
-18
Let q(p) = -337862*p - 2702899. Determine q(-8).
-3
Let b(g) = 16*g**2 + 2596*g + 95405. Calculate b(-106).
5
Let b(q) = 332*q. What is b(3)?
996
Let g(p) = p**3 - 17*p**2 + 210*p - 378. What is g(2)?
-18
Let o(m) = -m**3 - 80*m**2 + 503*m + 102. Calculate o(6).
24
Let x(i) = 43834*i + 219209. Calculate x(-5).
39
Let a(x) = -x**3 - 49*x**2 + 306*x + 3438. What is a(-6)?
54
Let q(w) = -11*w**3 - 1858*w**2 + 2053*w + 2204. What is q(-170)?
-6
Let y(f) = 90*f**3 + 9*f**2 + 77*f + 109. What is y(-2)?
-729
Let n(g) = 7*g**2 - 12514*g + 99693. Give n(8).
29
Let t(d) = -d**3 - 66*d**2 - 14*d + 3323. Calculate t(-65).
8
Let n(m) = -3126*m + 28242. What is n(9)?
108
Let d(v) = -v**2 + v + 14. Give d(52).
-2638
Let l(c) = -1842*c - 11001. What is l(-6)?
51
Let y(s) = 76802*s + 307222. Calculate y(-4).
14
Let j(p) = -781*p + 259235. Determine j(330).
1505
Let v(p) = -23*p**2 + 392*p + 20. Determine v(-6).
-3160
Let v(g) = -2674*g - 497352. Calculate v(-186).
12
Let u(m) = -90*m**2 + 5320*m - 5821. Give u(58).
-21
Let b(v) = 39191*v + 78416. What is b(-2)?
34
Let b(p) = -4606*p - 1930. Calculate b(-1).
2676
Let c(v) = -v**3 + 90*v**2 - 262*v + 22760. Give c(90).
-820
Let i(h) = 196*h**2 + 568*h + 30. Give i(-3).
90
Let u(a) = a**3 - 26*a**2 - 50*a + 610. Calculate u(4).
58
Let b(i) = -i**3 + 18*i**2 + 104*i + 1206. What is b(24)?
246
Let z(c) = 2*c**3 + 30*c**2 + 4*c - 33. Determine z(-16).
-609
Let a(q) = -4*q**2 + 325*q - 2703. Give a(72).
-39
Let x(m) = 1434*m**2 + 7173*m - 12. Determine x(-5).
-27
Let j(c) = 4907*c**2 + 44165*c + 22. Give j(-9).
4
Let o(m) = -12*m**2 + 6866*m - 27481. Determine o(4).
-209
Let n(j) = 4*j**2 - 7844*j + 15679. What is n(2)?
7
Let a(s) = -4423*s + 132525. Determine a(30).
-165
Let f(h) = -3*h**2 + 53*h - 384. Give f(10).
-154
Let q(r) = 6*r**3 + r**2 - 72*r - 72. Calculate q(-1).
-5
Let l(r) = 4*r**3 - 19*r**2 - 245*r - 80. Determine l(12).
1156
Let b(u) = 227*u + 7888. Determine b(-34).
170
Let b(t) = -t**2 + 925*t - 59103. What is b(70)?
747
Let s(n) = 233*n**2 - 30056*n - 100. Calculate s(129).
29
Let c(k) = -5*k**3 - 665*k**2 + 4037*k - 9. Calculate c(6).
-807
Let d(y) = -4935*y**2 - 69121*y - 430. Determine d(-14).
4
Let v(h) = -h**2 + 405*h + 23826. Determine v(-52).
62
Let s(g) = 1220*g - 792. What is s(1)?
428
Let k(s) = -21*s**3 - 41*s**2 + 43*s + 79. Calculate k(-2).
-3
Let w(k) = -27511*k - 4456794. Determine w(-162).
-12
Let z(n) = -2*n**2 - 1694*n - 59958. What is z(-37)?
-18
Let s(v) = -v**3 - 22*v**2 - 560*v - 13415. Give s(-23).
-6
Let c(u) = -2*u**2 - 318*u - 1404. Give c(-153).
432
Let w(p) = p**2 + 201*p - 1450. Give w(-208).
6
Let b(l) = 132*l + 2854. Give b(-12).
1270
Let b(a) = 23*a**2 - 4018*a - 34974. What is b(183)?
-21
Let q(y) = -y**2 + 117*y - 774. What is q(116)?
-658
Let y(q) = -36046*q + 4505643. Give y(125).
-107
Let g(j) = -j**3 - 528*j**2 - 12605*j - 749. What is g(-25)?
1
Let c(s) = -s**3 - 58*s**2 - 74*s - 4557. Give c(-58).
-265
Let g(c) = -1256887*c + 2513795. What is g(2)?
21
Let v(i) = 7*i**3 + 23*i**2 - 36*i + 18. Give v(-5).
-102
Let u(t) = 32*t**3 + 62*t**2 - 127*t - 15. What is u(6)?
8367
Let q(v) = v**3 - 25*v**2 - 19690*v + 492281. What is q(25)?
31
Let v(h) = -118*h**3 - 35*h**2 + 46*h - 10. Give v(1).
-117
Let z(a) = -4*a**3 - 33*a**2 + 248*a + 12. Determine z(7).
-1241
Let n(u) = 1737*u**3 + 79900*u**2 - 91*u + 60. Determine n(-46).
14
Let s(v) = -19131*v + 57395. What is s(3)?
2
Let s(r) = 6*r**2 - 277*r + 2252. Calculate s(10).
82
Let a(g) = -389*g + 31550. Give a(81).
41
Let o(t) = -7*t**3 - 4563*t**2 + 639*t - 8475. Calculate o(-652).
1
Let z(i) = i**3 - 65*i**2 + 430*i - 1399. Calculate z(58).
-7
Let n(v) = 96*v + 11382. Determine n(-122).
-330
Let k(x) = 3*x**3 + 17*x**2 - 136*x - 709. Give k(-5).
21
Let d(l) = l**3 - 11*l**2 + 15*l - 101. Determine d(14).
697
Let o(c) = -18*c**2 - 491*c - 1626. Give o(-24).
-210
Let l(s) = 126426*s + 14159719. Determine l(-112).
7
Let g(n) = 96*n - 2089. Calculate g(21).
-73
Let r(k) = k**3 - 12*k**2 + 59*k - 234. Determine r(9).
54
Let u(f) = -356*f + 33180. Determine u(93).
72
Let x(b) = -18*b**2 + 3334*b + 97910. Give x(211).
6
Let t(q) = -13905*q - 403239. What is t(-29)?
6
Let a(h) = -h**3 + 11*h**2 + 38*h - 171. Calculate a(13).
-15
Let s(x) = 12*x**3 + 4*x**2 - 14*x - 35. Calculate s(-2).
-87
Let a(o) = o**2 + 364*o - 35431. Calculate a(80).
89
Let z(d) = -4318*d - 21809. What is z(-5)?
-219
Let u(i) = 82*i + 8740. Calculate u(-111).
-362
Let d(v) = -v**3 + 1015*v**2 + 23876*v + 37. What is d(-23)?
-9
Let g(f) = 475*f - 3315. Determine g(7).
10
Let h(x) = -2666*x + 1026388. Give h(385).
-22
Let f(v) = -6*v**2 + 1874*v - 646. Give f(312).
-22
Let r(z) = -5*z**2 + 77*z + 269. Give r(16).
221
Let i(o) = -134*o**2 + 2763*o - 8. What is i(21)?
-1079
Let c(b) = -1004*b - 72176. Calculate c(-72).
112
Let t(l) = -1573*l - 72395. Determine t(-46).
-37
Let o(u) = -276*u**2 + 37256*u + 534. What is o(135)?
-6
Let f(l) = 351*l**2 - 1761*l - 12. Calculate f(5).
-42
Let x(g) = -3*g**3 + 442*g**2 + 2732*g + 66. What is x(-6)?
234
Let t(s) = 3*s - 1135. Calculate t(-52).
-1291
Let a(p) = 2*p**3 + 138*p**2 - 395*p - 26. What is a(3)?
85
Let n(w) = -486*w - 40847. What is n(-85)?
463
Let y(s) = 31*s**2 - 343*s - 2765. What is y(-8)?
1963
Let p(h) = 45*h**2 + 411*h + 2013. What is p(-5)?
1083
Let o(h) = 5*h**3 - 575*h**2 + 7*h - 663. Give o(115).
142
Let i(n) = -138*n**3 - 7*n**2 + 44*n - 53. Give i(2).
-1097
Let s(p) = 8*p**2 - 124965*p - 124965. Give s(-1).
8
Let l(n) = -n**3 - 84*n**2 + 1534*n - 719. What is l(15)?
16
Let g(a) = -a**3 + 20*a**2 + 3730*a - 69812. Determine g(62).
0
Let y(b) = -14*b**3 - b**2 + 39*b - 19. Determine y(-2).
11
Let z(i) = 3019*i + 384204. What is z(-127)?
791
Let t(p) = p**2 - 6430*p + 128213. Determine t(20).
13
Let d(j) = -1226*j + 21327. What is d(18)?
-741
Let o(x) = -x**2 + 10019*x - 120026. What is o(12)?
58
Let c(x) = 569*x + 9066. What is c(-16)?
-38
Let o(h) = 576*h - 58757. Calculate o(102).
-5
Let m(l) = -13912*l + 1474698. Calculate m(106).
26
Let k(g) = 16*g**2 - 14800*g + 360007. What is k(900)?
7
Let i(o) = o**2 + 8226*o - 26735685. Give i(2494).
-5
Let f(g) = -2*g**2 + 2621*g - 851810. Calculate f(714).
-8
Let d(o) = 30*o**3 - 403*o**2 - 31*o - 6. What is d(14)?
2892
Let p(q) = q**3 + 133*q**2 - 10336*q + 650. Give p(-188).
-102
Let j(t) = t**3 + 355*t**2 - 680*t + 11933. Give j(-357).
-205
Let v(f) = -2484*f - 4884. Determine v(-2).
84
Let i(r) = 113*r**3 + 1811*r**2 + 43*r - 81. Give i(-16).
-1
Let w(j) = -5*j**2 - 192*j + 1776. What is w(-42)?
1020
Let b(v) = -v**2 + 542*v - 17113. Determine b(34).
159
Let s(q) = -5*q**2 + 38783*q - 77559. Calculate s(2).
-13
Let m(c) = c**2 + 328*c + 26859. What is m(-159)?
-12
Let m(v) = 5*v**3 + 20*v**2 - 190*v - 755. Calculate m(-4).
5
Let y(h) = 2*h**2 - 227*h - 481. Calculate y(118).
581
Let x(o) = o**2 + 201811*o + 7869109. Give x(-39).
1
Let g(t) = t**3 - 3*t**2 - t - 87. Dete